4. Calculate v(4).
2
Let x(i) = -2*i**2 - 59*i - 29. Calculate x(-30).
-59
Let q(k) = 13*k - 123. Calculate q(14).
59
Let q(y) = -y**3 + 5*y**2 + 30*y - 153. Determine q(6).
-9
Let y(n) = 2*n**2 + 68*n - 6. Give y(-35).
64
Let i(k) = -k**2 + 46*k - 335. Calculate i(10).
25
Let n(t) = -2*t**2 + 92*t - 503. Calculate n(6).
-23
Let d(x) = -x**3 - 26*x**2 - 40*x - 443. Calculate d(-25).
-68
Let a(o) = -2*o**2 - 7*o + 6. Calculate a(3).
-33
Let v(f) = 4*f**3 + f**2 - 4*f + 1. Determine v(2).
29
Let l(r) = 3*r**2 + 6*r + 21. Give l(7).
210
Let r(i) = -2*i**3 - 180*i**2 - 175*i + 215. Give r(-89).
-52
Let a(j) = -j**3 - 2*j**2 + j + 20. What is a(-6)?
158
Let z(u) = 2*u**2 - 107*u - 7. Give z(55).
158
Let g(n) = -n**2 - 129*n + 33286. Give g(129).
4
Let l(r) = 5*r**2 - 70*r - 26. Calculate l(12).
-146
Let v(c) = 3*c**2 + 38*c + 45. Determine v(-12).
21
Let g(z) = -7*z**3 + 169*z**2 - 23*z - 26. Give g(24).
-2
Let u(b) = -98*b - 16205. Give u(-165).
-35
Let d(j) = 15*j**3 + 3*j**2 - 7*j + 8. Determine d(2).
126
Let h(n) = n**2 - 56*n - 2317. Determine h(84).
35
Let u(p) = p**3 + 52*p**2 - 75*p - 3892. Give u(-52).
8
Let f(w) = w**2 + 229*w + 4915. What is f(-24)?
-5
Let v(p) = 286*p - 36031. Give v(126).
5
Let j(z) = 15*z + 525. Calculate j(-32).
45
Let i(f) = f**3 - 43*f**2 + 42*f + 75. What is i(42)?
75
Let k(o) = o**2 - 137*o + 1264. Give k(127).
-6
Let c(o) = 78*o - 1235. Give c(16).
13
Let p(l) = 18*l**2 - 109*l - 1. Give p(1).
-92
Let b(r) = -2*r**2 - 400*r + 4632. Give b(11).
-10
Let h(c) = 2*c**3 - 4*c**2 - 15*c + 11. Determine h(4).
15
Let y(a) = -a**3 + 16*a**2 - 51*a + 59. What is y(12)?
23
Let b(p) = -p**2 - 29*p + 122. Give b(-32).
26
Let h(c) = -8*c**2 + 34*c + 37. Give h(5).
7
Let g(t) = -19*t**3 - 246*t**2 + 13*t - 18. What is g(-13)?
-18
Let x(z) = -74*z - 2021. What is x(-27)?
-23
Let y(m) = -4*m**3 + 75*m**2 + 19*m + 20. What is y(19)?
20
Let w(c) = 275*c + 3297. What is w(-12)?
-3
Let x(i) = -i**3 - 7*i**2 - 11*i - 61. Calculate x(-6).
-31
Let s(z) = -z**3 + 37*z**2 - 135*z + 41. What is s(33)?
-58
Let d(x) = 2*x**3 - 327*x**2 + 2039*x + 310. Determine d(157).
-4
Let j(q) = 76*q**2 - 910*q + 29. Calculate j(12).
53
Let k(w) = -10*w**2 - 55*w - 231. Calculate k(-4).
-171
Let y(d) = d**2 + 104*d + 1673. What is y(-84)?
-7
Let x(q) = 63*q + 3707. Give x(-59).
-10
Let b(f) = -5*f**2 + 79*f - 141. What is b(14)?
-15
Let b(r) = 4*r**2 + 33*r + 158. Calculate b(-9).
185
Let a(h) = 2*h**3 + 13*h**2 - 8*h + 12. Calculate a(-8).
-116
Let j(u) = 107*u**2 + 1073*u + 37. Give j(-10).
7
Let p(t) = -t**2 + 46*t + 191. What is p(49)?
44
Let g(v) = 2*v**2 - 63*v + 468. Calculate g(10).
38
Let w(g) = -2*g**3 + 3*g**2 - 3*g + 4. Give w(2).
-6
Let z(g) = -5*g**3 + 764*g**2 + 163*g - 1529. What is z(153)?
1
Let c(n) = -n**2 + 23*n + 3774. What is c(-51)?
0
Let h(z) = 2*z**3 + 4*z**2 - 21*z + 20. What is h(-6)?
-142
Let b(v) = -29*v**2 + 123*v + 124. Calculate b(-1).
-28
Let q(d) = d**3 + 5*d**2 - d + 9. Determine q(-8).
-175
Let n(u) = -6*u**2 + 191*u + 1219. Determine n(-7).
-412
Let l(i) = -2*i**2 + 42*i + 35. Determine l(18).
143
Let x(d) = -27*d**2 + 16*d + 42. What is x(-2)?
-98
Let s(o) = 297*o + 4455. Determine s(-15).
0
Let a(g) = 16*g - 163. What is a(8)?
-35
Let d(t) = 3*t**3 + t**2 + 5*t + 13. Calculate d(-3).
-74
Let i(n) = -n**3 - 29*n**2 + 93*n - 119. Calculate i(-32).
-23
Let y(u) = -14*u**2 + 277*u - 276. Calculate y(1).
-13
Let w(r) = 5*r - 65. Give w(-6).
-95
Let n(k) = k**2 - 32*k + 154. Determine n(18).
-98
Let q(s) = 46*s - 255. Give q(10).
205
Let y(g) = -g + 15. Give y(11).
4
Let f(v) = v**3 + 6*v**2 - 11*v - 1. Calculate f(-6).
65
Let y(o) = -o**2 - 8*o - 30. Determine y(-13).
-95
Let b(m) = 5*m**2 - 253*m + 1061. Determine b(46).
3
Let p(n) = 96*n + 803. Calculate p(-7).
131
Let n(z) = -z**3 - 7*z**2 - 40*z - 228. Determine n(-6).
-24
Let v(z) = -8*z**2 - 193*z + 1. Give v(-24).
25
Let t(y) = 2*y**2 - 70*y + 36. Determine t(37).
184
Let t(d) = -2*d**2 + 15*d + 6. Give t(-4).
-86
Let d(f) = -179*f - 184. What is d(-1)?
-5
Let v(u) = -392*u - 536. What is v(-3)?
640
Let t(p) = -p**3 + 41*p**2 + 46*p - 192. Determine t(42).
-24
Let w(q) = -2*q**2 + 53*q + 683. What is w(36)?
-1
Let z(g) = -2*g**3 + 329*g**2 + 165*g - 7. What is z(165)?
-7
Let d(z) = z**3 - 8*z**2 + 15*z - 365. What is d(10)?
-15
Let k(g) = g**3 + 7*g**2 - 23*g - 26. Give k(-9).
19
Let o(c) = 45*c - 1223. What is o(27)?
-8
Let r(o) = o**3 + 5*o**2 + 10*o - 15. Determine r(6).
441
Let k(u) = -u**3 + 23*u**2 + 11*u - 262. Determine k(23).
-9
Let r(i) = -i**3 - 11*i**2 - 21*i - 120. Determine r(-10).
-10
Let d(b) = b**3 - 11*b**2 + 10*b - 21. Determine d(10).
-21
Let b(n) = -n**3 + 11*n**2 + 9. Determine b(11).
9
Let p(v) = -v**2 + 47*v - 426. Give p(12).
-6
Let y(z) = -661*z + 6608. What is y(10)?
-2
Let u(l) = -105*l - 15332. Calculate u(-146).
-2
Let x(a) = 11*a - 42. Give x(5).
13
Let g(c) = 4*c**3 + 5*c**2 + 7*c + 5. Determine g(-3).
-79
Let u(d) = -2*d**2 + 1306*d + 1. Give u(0).
1
Let s(r) = -r**3 + 143*r**2 - 260*r - 3010. Give s(141).
92
Let z(b) = 18*b**2 - 50*b + 160. Give z(3).
172
Let u(j) = -j**2 + 4402*j + 35274. Give u(-8).
-6
Let h(w) = 3*w**3 + 9*w**2 + 17*w + 3. What is h(-5)?
-232
Let t(j) = 2*j**3 + 37*j**2 - 65*j - 90. Calculate t(-20).
10
Let c(t) = -t**3 + 52*t**2 - 234*t - 41. Calculate c(47).
6
Let z(l) = 2*l**2 + 70*l + 584. Calculate z(-14).
-4
Let u(z) = -21*z**3 + 9*z**2. Give u(1).
-12
Let r(v) = -180*v. Determine r(-1).
180
Let u(h) = 21*h**3 - 169*h**2 - 7*h + 36. Give u(8).
-84
Let y(d) = -2*d**3 + 31*d**2 - 65*d + 392. Calculate y(14).
70
Let g(b) = -150*b + 14264. Give g(95).
14
Let q(h) = -5*h**2 + 117*h - 684. Determine q(11).
-2
Let c(w) = -w**3 + 10*w**2 - 2*w + 150. Determine c(11).
7
Let l(y) = -63*y - 261. Calculate l(-4).
-9
Let m(g) = -g**3 - 6*g**2 + 14*g - 35. Calculate m(-8).
-19
Let j(y) = -y**3 + 20*y**2 - 91*y - 53. Determine j(14).
-151
Let w(n) = -2*n**2 + 10*n + 217. Give w(-13).
-251
Let y(g) = -g**3 - 20*g**2 - 96*g - 1925. Calculate y(-20).
-5
Let r(q) = 98*q + 1668. Give r(-17).
2
Let o(j) = j**3 + 60*j**2 + 171*j - 17. Calculate o(-57).
-17
Let g(j) = -158*j**2 + 2346*j + 32. Determine g(15).
-328
Let b(p) = 4*p**3 + 7*p**2 - 56*p - 328. Give b(-4).
-248
Let w(g) = 257*g - 17732. What is w(69)?
1
Let j(z) = 11*z**2 + 89*z + 133. Calculate j(-6).
-5
Let f(w) = -2*w**2 + 73*w + 602. Calculate f(-7).
-7
Let x(f) = 252*f - 7804. What is x(31)?
8
Let b(i) = i**2 + 53*i - 145. Calculate b(3).
23
Let s(l) = -l**2 + 59*l + 153. Determine s(60).
93
Let z(f) = -6*f - 856. Give z(9).
-910
Let r(z) = 13*z**2 - 261*z - 787. What is r(-3)?
113
Let y(u) = -u**3 - 16*u**2 - 7*u + 443. Give y(-15).
323
Let a(h) = 2*h**3 + 184*h**2 + 1493*h - 1. Give a(-9).
8
Let f(k) = -520*k + 20. Determine f(1).
-500
Let h(j) = -135*j - 683. Calculate h(-5).
-8
Let b(l) = -2*l**3 + 4*l**2 + 8*l + 30. Determine b(4).
-2
Let s(c) = 2*c**3 + 11*c**2 + 2*c - 3. Determine s(1).
12
Let p(b) = -9*b**2 - 45*b + 174. What is p(3)?
-42
Let o(g) = -11*g**2 + 146*g - 19. What is o(15)?
-304
Let g(k) = -k**3 - 15*k**2 - 35*k - 33. Give g(-11).
-132
Let j(h) = h**3 + 6*h**2 - 147*h - 620. Determine j(-4).
0
Let i(h) = h**2 - 66*h + 501. Calculate i(8).
37
Let c(t) = -t**2 + 22*t - 20. Give c(16).
76
Let u(o) = 7*o**2 - 218*o + 6. Determine u(31).
-25
Let s(n) = n**3 + n**2 - 1718*n + 167. Give s(-42).
-1
Let y(n) = n**3 - 18*n**2 + 70*n - 52. Give y(4).
4
Let o(b) = -136*b**3 - b**2 + 3*b + 4. Calculate o(-1).
136
Let g(f) = 3129*f - 3118. Calculate g(1).
11
Let u(f) = f**3 + 69*f**2 - 78*f - 561. What is u(-70)?
-1
Let z(k) = 5*k**3 + k**2 - 9*k - 29. Calculate z(0).
-29
Let m(c) = -2*c**2 + 74*c + 1654. Give m(52).
94
Let q(g) = -287*g + 3146. Determine q(11).
-11
Let j(z) = z**2 + 20*z + 256. Calculate j(-15).
181
Let k(g) = -3*g**2 - 5*g - 3. Calculate k(-3).
-15
Let l(h) = 8*h**2 + 75*h + 4. Calculate l(-6).
-158
Let s(o) = -8*o + 109. Give s(16).
-19
Let o(t) = 2*t**3 + 123*t**2 + 175*t - 268. Give o(-60).
32
Let i(u) = 11*u + 95. Give i(-10).
-15
Let u(o) = o**2 + 39*o + 44. What is u(-38)?
6
Let n(b) = -3*b**2 - 73*b + 508. What is n(-30)?
-2
Let o(k) = -k**2 - 28*k + 206. Give o(-47).
-687
Let p(f) = 38*f - 65. Calculate p(-6).
-293
Let y(j)